 x = 3894 - 3356. What is the units digit of x?
8
Let h(m) = 8539*m - 2709. What is the ten thousands digit of h(4)?
3
Let s = -64 - -69. Suppose -5*f = 2*j - 2033, -3*f - s*j = -5*f + 819. What is the tens digit of f?
0
Suppose -38*l + 41*l = 6. Suppose -22 = -3*q + 4*q + i, -5*i = l*q + 56. What is the tens digit of 81/q*(-46)/3?
6
What is the tens digit of (1 - 18) + (3 - -23838)?
2
Let a be (-99)/(-55) + (-3 - 64/(-20)). Suppose 0 = -2*n + 10, 0 = b - a*b + 2*n + 362. What is the tens digit of b?
7
Let d(z) = -z**3 + 30*z**2 - 6*z + 38. What is the units digit of d(11)?
1
Suppose -39790 = -2*f - 3*i + 1193, -3*f = -5*i - 61484. What is the units digit of f?
3
Let x(f) = f**3 - 11*f**2 - 12*f + 17. Let a be x(12). Suppose -a*o + 210 = -147. What is the units digit of o?
1
Suppose 3*j = -s - 10, s - 3*j = -5*j - 6. Let l(h) = 26*h - 61*h + 3*h**s + 8 - 5. What is the units digit of l(14)?
1
Let g be (-15)/(-6 + 3) + -4. Suppose g - 9 = -4*a. Suppose 3*v + 2*v - 5*r = -5, r - a = 0. What is the units digit of v?
1
Suppose -14*v = 40089 - 488159. What is the units digit of v?
5
Let c(k) = -k + 1. Let i(o) = -49*o. Let g(p) = -3*c(p) - i(p). Let f be g(1). What is the units digit of ((-4)/1 + 5)*f?
9
Let l be ((-120)/75)/((-2)/920). Let i = l - 38. Suppose -q + i = 4*b, -338 = -2*b + 2*q + 3*q. What is the tens digit of b?
7
Suppose -53*s + 1472 + 118 = 0. Suppose -p - 286 = 3*k - 5*k, 5*k + 4*p = 715. Let c = k - s. What is the tens digit of c?
1
Let v(u) = u**2 + 22*u - 45. Let z = -107 - -79. What is the tens digit of v(z)?
2
Let h be (24 + -6)/((6/4)/1). What is the units digit of 759/22*320/h?
0
What is the hundreds digit of (-13)/39*10/15 + 2151980/36?
7
Let x be -4 + 0 + 0 + -8. Let n be 2*(-10)/x*3. What is the tens digit of 5/((-100)/(-8)) + 243/n?
4
Let f be 280/63 + 8/(-18). Suppose -2*p - 3*i = -0*i + 2, -10 = -f*p + i. What is the tens digit of 10*(p - 12/5) + 173?
6
What is the units digit of -6*48/32*2/(-6)*3227?
1
Suppose t = 7136 + 391. What is the thousands digit of t?
7
Let v(y) = 5*y + 121. Let o be v(-15). Suppose 50*k - 1032 = o*k. What is the tens digit of k?
5
Let l(d) = 7*d**2 - 2. Let g be l(1). Suppose t = 4*a - 6*a + 406, g*t = 2*a - 394. What is the tens digit of a?
0
Suppose -52*k + 91*k - 67*k = -221480. What is the units digit of k?
0
Let s(q) = 1 + 2*q**2 + 3*q - 9 - 9*q + 2. Let a be s(4). Suppose a*h - 5 = 61. What is the units digit of h?
3
Let h(b) be the first derivative of -3*b**2/2 + 35*b - 496. Suppose -5*d + x - 65 = -x, -5*d = 4*x + 35. What is the tens digit of h(d)?
6
Suppose n + n = 1022. Suppose 63*r = 64*r - n. Suppose u = 8*u - r. What is the tens digit of u?
7
Let q be 21/(4/(112/21)). Let n(x) = x**2 - 7*x + 44. What is the tens digit of n(q)?
3
Let v(i) = i**2 + 4*i - 8. Let s be v(-6). Suppose -5*a + 3*t + 36 = 4*t, -t + 29 = s*a. What is the tens digit of (-46 + (4 - a))/(1/(-1))?
4
Let h = 182984 + -106417. What is the thousands digit of h?
6
Let d(g) = 6*g**2 + 3*g + 3. Let r be 8 + ((-3)/3 - 1). Suppose -a + r = 9. What is the tens digit of d(a)?
4
Suppose -2*m - 854 = -274. Let q = m - -362. What is the tens digit of q?
7
Let d(l) = -13*l**2 + 12*l - 34. Let z(y) = 26*y**2 - 23*y + 68. Let q(i) = 5*d(i) + 3*z(i). What is the hundreds digit of q(6)?
4
Let j(v) be the first derivative of 11*v**2 - 79*v - 37. What is the tens digit of j(17)?
9
Let h = -13432 + 19370. What is the thousands digit of h?
5
Let p = 40729 + -22864. What is the units digit of p?
5
Let q(s) be the third derivative of 7*s**5/20 + s**4/3 - 22*s**3/3 + 54*s**2. What is the units digit of q(6)?
0
Suppose -299*z + 12 = -297*z. Let a be 0/(1/3*z). Suppose a = -3*v - 40 + 319. What is the units digit of v?
3
Let h(r) = r**2 + 25*r - 54. Let y be h(-28). What is the tens digit of 2 - 196/105 - (-4556)/y?
5
Let j = -15 + 32. Let x = j - 22. What is the tens digit of (-16)/x*-35*2/(-4)?
5
Suppose -1316 + 356 = 2*g + 4*f, 12 = 4*f. Let h = -322 - g. What is the units digit of h?
4
Let r(c) = 43*c + 296. Let y be (-1560)/90*(-3)/4. What is the units digit of r(y)?
5
Let o = -2 - -7. Suppose -24 = -l + o*k - 2, -l - 10 = 3*k. Suppose -5*h - 43 = -3*c, l*h = -3*c + h + 13. What is the units digit of c?
6
Let g(j) = j**2 + 6*j + 11. Let k = -55 - -51. Let t be g(k). Suppose -t*d = -4*u - 550, -2*d - u + 955 = 3*d. What is the hundreds digit of d?
1
Let i(j) = -276*j + 627. What is the thousands digit of i(-23)?
6
Let o(n) = -n**3 - 38*n**2 - 42*n - 552. What is the hundreds digit of o(-48)?
5
Suppose 126321 - 194465 - 245587 = -33*t. What is the thousands digit of t?
9
Let i = 73 - -19. Let s = i + -41. Suppose -130 = -w - s. What is the tens digit of w?
7
Let l be (3/3)/(2 + (-2068)/1032). Let t = 660 + l. What is the tens digit of t?
0
Suppose k = -6*g + 9*g - 711, 0 = 4*g + 2*k - 938. Suppose g = 2*p - 0*p. What is the units digit of p?
8
Suppose 290*z - 269*z - 233247 = 0. What is the units digit of z?
7
Let b = -9128 - -13312. What is the thousands digit of b?
4
Let k = -359 - -539. Suppose -4*r - 3*v + k = -9, v = -3*r + 148. What is the tens digit of r?
5
Let u(n) be the third derivative of n**5/20 + 67*n**4/24 + 31*n**3/3 + 12*n**2 - 1. What is the hundreds digit of u(-29)?
6
Let d(p) = 8*p**2 + 46. Let t be d(6). Let n = 1145 + t. What is the tens digit of n?
7
What is the thousands digit of 291/485 - (-4)/((-60)/(-1113711))?
4
Suppose -44*c + 41*c + 15 = 0, c = 5*k - 35. Let t(a) = -a**3 - 6*a**2 + 4*a. Let g be t(-6). What is the units digit of (318/k)/(g/(-64))?
6
Suppose -89 = -4*a + 2*s - s, s = -5. Suppose -4*g = -5*l + 8, -4*l + 0*g - g - 2 = 0. Suppose 5*f = 15, l = 3*k - k + f - a. What is the units digit of k?
9
Let j be 8/1 + (-21)/7. Suppose -j*u - 2125 = -5*t, 0 = -u - 4*u. What is the units digit of t?
5
Suppose -11*k + 802434 = 86*k + 5*k. What is the tens digit of k?
6
Suppose -v - 804 = -3*g, -5*g + 5*v - 151 = -1481. Suppose -4*m - g = -5*n, 2*m + 125 + 142 = 5*n. What is the tens digit of n?
5
What is the tens digit of 324/(-1458) - 697673/(-9)?
1
Suppose -4*t + 39635 = -h, 0 = -16*t + 9*t + 5*h + 69358. What is the hundreds digit of t?
9
Let r = -259 + 269. Suppose 0 = -4*d - t + 1026, 3*t + r = -2*t. What is the hundreds digit of d?
2
What is the tens digit of 0/(-1*(-9 + 7)) + 5310?
1
What is the units digit of (527/(-187))/(-31) - (-477090)/22?
6
Let v(w) = w**3 - 8*w**2 + 16*w + 147. What is the hundreds digit of v(22)?
2
Let g(r) = -17*r**2 - 74*r + 16. Let u be g(-7). Let o be 2/10 + 2091/(-5). Let q = u - o. What is the units digit of q?
9
Suppose 0 = 5*b + c - 15, -2*b - 5 - 7 = 4*c. Suppose -y - 677 = -b*i, 266 = 3*i + y - 247. Suppose 480 = 5*g - i. What is the units digit of g?
0
Let j(k) = -k**3 + 34*k**2 + 49*k + 12. What is the units digit of j(27)?
8
Suppose -5*p - 5*w = -376010, -142*w + 140*w = -p + 75196. What is the thousands digit of p?
5
Let y(q) = q**3 + 8*q**2 - 4*q + 3. Let b(n) = n**3 + n. Let r = -27 - -28. Let t(m) = r*y(m) - 2*b(m). What is the tens digit of t(4)?
4
Suppose 0 = -2*p - 2*p - 20, 5*p - 608 = -3*g. Let d = -13 + g. What is the hundreds digit of d?
1
Suppose -13122 = -g + 5*o, -5*g - 3*o + 3853 = -61869. What is the units digit of g?
2
Suppose 13*a + 36 = 22*a. Suppose 3*j = -4*v + 3179, -3792 = -a*j + 2*v + 432. Suppose j = 4*r + 3*r. What is the hundreds digit of r?
1
Let u(v) = 36575*v**2 - 29*v + 28. What is the hundreds digit of u(1)?
5
Let i be (-489)/(-3) + 5 + 2 + -4. Suppose m - 4*u - 105 = i, 4*u = 20. What is the tens digit of m?
9
Suppose -72*n - 157*n + 7932528 = -43*n. What is the hundreds digit of n?
6
Suppose 0 = -d + 4 - 2. Let g(h) = -2 + 38*h**2 - h - 2 - 5*h**2 - 13*h**2 + 10. What is the tens digit of g(d)?
8
What is the hundreds digit of (-23)/((-483)/24018)*7?
0
Let x = 222 + -217. Suppose -2510 = -5*f - o, x*f - 82 = 3*o + 2408. What is the tens digit of f?
0
Let g be (2/4)/(20/10340)*6. Let i = g + -650. What is the units digit of i?
1
Let x = 928 + 6825. What is the tens digit of x?
5
Suppose -214 = w + 344. Let u = w + 1024. What is the hundreds digit of u?
4
Suppose -10*s + 18 = -s. Suppose -s = -3*t - i, 5*i = t + 3*i - 3. What is the tens digit of 18 - (4/t - 6)/1?
2
Let m be ((4 - 8) + 3)*-1*13. Let g = -10 + m. Suppose g*s -